-p*w = -3*b - 80, -5*w + b + 81 = 2*b. What is the tens digit of w?
1
Suppose -95 = -2*s + 117. Suppose 0*q - 3*q - 4*x + s = 0, 0 = 5*x - 20. Suppose -2*p = 3*p - q. What is the units digit of p?
6
Let y(h) = -21*h + 1. What is the units digit of y(-4)?
5
Suppose n + 4*a = 14, 5*n - 2*n - a - 29 = 0. Let g = n + -7. Suppose 3 - 21 = -g*l. What is the units digit of l?
6
Let y = 89 + 4. What is the units digit of y?
3
Let w(q) = q**2 - 2*q + 6. What is the tens digit of w(6)?
3
Let j(q) = q**3 - 7*q**2 - 2*q - 7. Let l be j(8). Suppose 4*a - l = -5*b, 11 = 2*b + 3*a - 11. What is the units digit of b?
5
Suppose -5*t - 12 - 13 = -5*a, a - 4*t - 11 = 0. What is the units digit of a?
3
Suppose 6*d = d + 575. Suppose 0 = -5*x - 2*s + 100, -5*x - 7*s + d = -2*s. What is the units digit of x?
8
Let a(m) = 19*m + 17. What is the hundreds digit of a(11)?
2
Let q be (1/(-2))/(3/6). Let h = q - -6. Suppose z = 3 + h. What is the units digit of z?
8
Suppose 0 = 4*i - 0*i - 64. Suppose k = z + i, -5*z = -3*k + 2*k + 24. What is the units digit of k?
4
Suppose 6*b = 3*b + 30. Suppose 5*s + b = -0*s. What is the units digit of s*-6*(-5)/(-4)?
5
What is the tens digit of -3 - -2 - 68/(-3 + 2)?
6
Let o = -3 - -4. Let q be 1*(o + 2 + -2). Let z = 7 + q. What is the units digit of z?
8
Let q(g) = -g**3 + 4*g**2 - g - 3. Suppose 3*j + 18 = 2*m - 0*j, -3*m - 3 = 3*j. What is the units digit of q(m)?
3
Let d be (9/12)/((-6)/(-16)). Let t = d - -24. Suppose -4*y + 3*f + t = 0, -2*y - f = -3*y + 7. What is the units digit of y?
5
Suppose 3*w - 3 = 9. Let h(s) = s**2 - 5*s + 5. What is the units digit of h(w)?
1
Suppose -2*t - 28 = -5*h, -2*t - 3*h + 0*h = -4. Let q be -2 - (1*t - 0). Suppose 2 = -q*d + 20. What is the units digit of d?
9
Let a(y) = y**2 + 8*y + 9. Let c(i) = -i - 1. Let j(m) = a(m) + 6*c(m). What is the units digit of j(-7)?
8
Suppose 0 = -a - a. Suppose -4*d + 5*d - 4 = a. What is the units digit of d?
4
Suppose 3*q = 2*q + 1. Let l be (-8)/(-6)*q*3. Suppose -2*v = -4 - l. What is the units digit of v?
4
Suppose -102 = 5*v - 3*v + 4*u, 169 = -4*v - u. Let o = 68 + v. Suppose -3*f + 23 = d + 6, -o = -5*f - 3*d. What is the units digit of f?
6
Suppose 2*t = -2*t + 4. What is the units digit of t?
1
Let k = 109 + 23. What is the hundreds digit of k?
1
Suppose -2*m + 63 = -3*f, m - 4*m + 92 = -2*f. What is the tens digit of m?
3
Suppose -9*c + 10*c = 2. Let i be (-2)/7 + 88/14. Suppose -b = -i - c. What is the units digit of b?
8
Suppose -13 + 1 = -2*l. Let z(u) = -u**2 + 6*u - 2. Let i be z(l). What is the tens digit of ((-11)/i)/((-8)/(-16))?
1
Let u(i) be the first derivative of -3*i**2/2 + 3*i + 5. Let z = 3 + -6. What is the units digit of u(z)?
2
Suppose -5*l + 365 = -2*p, 0 = 2*l - 3*p - 188 + 31. What is the tens digit of l?
7
Let s(y) = -y**3 - 7*y**2 - 8*y - 7. Let d be s(-6). What is the units digit of ((-7)/(-7))/(1/d)?
5
Suppose 0 = -o + 1 + 2. Suppose 0 = -5*a + 4*x + 6, -3*a - a - o*x + 11 = 0. Suppose -u + a = u. What is the units digit of u?
1
Let f be (4/(-5))/(8/(-60)). Suppose -2*r - 2*d = 0, -2*d = 5*r - f - 6. What is the units digit of r?
4
Let o = -5 - 22. Let u = -14 - o. What is the tens digit of u?
1
Let w = -4 - 0. What is the tens digit of (-1 - 19)*3/w?
1
Let v be (0 - 1)*2 + 2. Suppose -3*q - 6 - 9 = v. Let b = q + 6. What is the units digit of b?
1
Let z be (192 - 4)/(4 + -2). Suppose -z = -4*t - y + 3*y, -2*y = 2*t - 32. What is the tens digit of t?
2
What is the units digit of 366/8*(8 + (-64)/12)?
2
Suppose 2*v + 4*f - 14 = 14, -v - 4*f + 24 = 0. Let c be (3/(-4))/(1/v). Let o(j) = -2*j - 3. What is the units digit of o(c)?
3
Let x = 3 - -2. Let z be (-1)/5 - (-76)/x. Let m = 30 - z. What is the tens digit of m?
1
Suppose 0 = 4*r - 3*d - 375, 3*r - 5*d = 4*r - 88. Suppose 0 = -3*t + r + 3. What is the tens digit of t/3 + 8/(-12)?
1
Let o(k) = 16*k + 1. What is the tens digit of o(3)?
4
Suppose -3*b = 2*r - 88, r = -b - 0*b + 46. Suppose -2*w + 21 = 13. Suppose r = v + w*v. What is the tens digit of v?
1
Let r = 8 + -18. Let h(z) = -z**2 - 1. Let x(g) = 3*g**2 + 10*g - 10. Let y(k) = -2*h(k) - x(k). What is the units digit of y(r)?
2
Let y be (-2)/10 + 28/(-10). Let s be y - (-4)/((-8)/(-6)). Suppose s = 5*q - 4*x - 8 - 6, -2*x + 2 = -q. What is the units digit of q?
6
Let h = 16 + -10. Suppose -4*l = -r - l - h, l + 14 = 3*r. What is the units digit of r?
6
Suppose 8 = -2*j + 4*m, 2*j + 2*m + 3*m + 17 = 0. What is the units digit of j/(-4)*(-624)/(-36)?
6
Let b be 113/(-2) + 4/(-8). Let o be b/(-15) - 2/(-10). Suppose -2*s + 25 = s - m, 2*m = o*s - 34. What is the units digit of s?
8
Let v(f) = -4*f - 3*f + f**2 + 4 - 3*f - 4*f. What is the units digit of v(14)?
4
What is the tens digit of (-2)/6 + (65736/27)/11?
2
Let h(d) be the second derivative of d**4/12 - 2*d**3 + 7*d**2 - 5*d. What is the tens digit of h(13)?
2
Suppose 0 = v - 4*z - 59, -3*v + z + 4*z = -142. What is the tens digit of v?
3
Let o(u) = -u**3 + 5*u**2 - 4*u. Let s = 23 - 15. Suppose -4 = -4*l + s. What is the units digit of o(l)?
6
Let c = -6 - -4. Let m(j) = 3*j - 1. Let w be m(4). Let g = w + c. What is the units digit of g?
9
Let o(x) = 7*x - 6. Suppose 4*k = -5*i + 2, -i + 0*k - 2*k - 2 = 0. What is the units digit of o(i)?
8
Let a(u) = u**2 - 5*u - 1. Let g be a(6). Suppose v + 2 = k, 0*v = -g*k + 2*v + 22. What is the units digit of k?
6
Suppose -g + 6 = 3*t, 2*g + 3*t - 7 = 14. Suppose g = 4*c + c. Suppose -3*b - 8 = 2*o, -c*o = b - 1 - 1. What is the units digit of o?
2
Let d be ((-2)/5)/((-4)/100). Suppose -6*s + 3*s + 4*i + 17 = 0, 0 = -4*s - i + d. Suppose -s + 9 = l. What is the units digit of l?
6
Let b be 1 + 1*-2 - -13. Let g = -22 + b. Let l = g + 18. What is the units digit of l?
8
Let t be (28/(-2))/(8/36). Let w = t - -113. What is the tens digit of w?
5
Suppose 2*f + 7 - 18 = d, -2*f - d = -13. Suppose -f*v + 3*v + 30 = 0. What is the tens digit of v?
1
Suppose -2 = -3*u + 4. Suppose d = 6*d - 55. Let b = d - u. What is the units digit of b?
9
Suppose 7*n = 1909 - 586. What is the hundreds digit of n?
1
What is the units digit of (-8)/(64/(-72)) + 3*-1?
6
Let d = -6 - -9. Suppose -2*n - d*j = -6*j - 31, 17 = n - j. What is the tens digit of n?
2
Suppose -4*c - 105 = -9*c. Let y = 55 - c. What is the tens digit of y?
3
Suppose 2*l - h + 13 = 0, 4*l + 0*h = -2*h - 30. Suppose 4*j + 23 = 83. Let x = j + l. What is the units digit of x?
8
Let g = 2 - 1. Let r(d) = -6*d - 6. Let n(a) = a**2 + a. Let b(j) = g*r(j) + n(j). What is the units digit of b(7)?
8
Let v = -10 - -6. Let n = v - -2. Let l = 7 + n. What is the units digit of l?
5
Let m = 6 + -13. Let d = m - -9. What is the units digit of d?
2
Suppose 0 = 3*w + w + 60. Let v = w - -21. What is the units digit of v/(-18) + 56/6?
9
Let i(k) = -k**3 + 5*k**2 + 6*k + 1. Suppose v + 3*r = 21, 4*v - 9 = -2*r + 5*r. What is the units digit of i(v)?
1
Let l = 10 + 34. What is the tens digit of l?
4
Let y(m) = -m**3 - 2*m**2 + m - 3. Let n(g) = 0*g**2 + g - g**3 - 3 + 0*g**2. Let w be n(0). What is the units digit of y(w)?
3
What is the tens digit of 2*8/((-16)/(-186))?
8
Let u be (1/2)/(2/4). Let w be 2 + (0 - u) + 6. Suppose w*p - 5*y = 2*p + 25, -y + 25 = 4*p. What is the units digit of p?
6
Let c = 10 + -5. Let j be 27/5 - 2/c. Suppose 2*o - 23 = -g, -20 - 33 = -j*o - g. What is the tens digit of o?
1
What is the units digit of 1/(-2 + 282/140)?
0
Suppose -3*v - 3*u = -90, -64 = -2*v - 0*u - 4*u. Suppose -3*f + 17 = -v. What is the units digit of f?
5
Let j(b) = 4*b**2 + 3*b + 3. Let z be (4/10)/(2/(-10)). What is the tens digit of j(z)?
1
Let k be 8/6 - 2/(-3). Suppose 0 = -k*u + 4*u - 4. Suppose 0 = 5*i - 5, 2*g + u*g - 28 = 4*i. What is the units digit of g?
8
Let x(w) = -2*w - 6. Let i be x(-5). Suppose -i*k = -6*k + 18. What is the units digit of k?
9
Suppose -3*f + p + 0*p = -1, 4*f + 5*p - 33 = 0. Suppose 4 = 3*r - f. What is the units digit of r?
2
Let d be (0 + 9)*1/3. Suppose -2 = d*n - 0*n + 5*x, n = x + 2. What is the units digit of n?
1
Let l(t) = 3*t + 20. Let p be l(-8). What is the units digit of 177/5 - p/(-10)?
5
Let c = -118 - -98. Suppose 48 = -5*j + 198. Let y = c + j. What is the tens digit of y?
1
Let d be -2 - -2 - (0 - 4). Let p = 93 - 63. Suppose 5*l =